{"id":594,"date":"2022-11-16T14:46:35","date_gmt":"2022-11-16T13:46:35","guid":{"rendered":"https:\/\/www.gardendesign-wemmel.be\/services\/amenagement-de-jardin\/"},"modified":"2022-12-12T15:25:22","modified_gmt":"2022-12-12T14:25:22","slug":"amenagement-de-jardin","status":"publish","type":"page","link":"https:\/\/www.gardendesign-wemmel.be\/fr\/services\/amenagement-de-jardin\/","title":{"rendered":"Am\u00e9nagement de jardin"},"content":{"rendered":"\t\t<div data-elementor-type=\"wp-page\" data-elementor-id=\"594\" class=\"elementor elementor-594 elementor-99\">\n\t\t\t\t\t\t\t\t\t<section class=\"elementor-section elementor-top-section elementor-element elementor-element-3125f6bf elementor-section-full_width banner bannerpage elementor-section-height-default elementor-section-height-default\" data-id=\"3125f6bf\" data-element_type=\"section\" data-settings=\"{&quot;background_background&quot;:&quot;classic&quot;}\">\n\t\t\t\t\t\t<div class=\"elementor-container elementor-column-gap-default\">\n\t\t\t\t\t<div class=\"elementor-column elementor-col-100 elementor-top-column elementor-element elementor-element-619f1166\" data-id=\"619f1166\" data-element_type=\"column\">\n\t\t\t<div class=\"elementor-widget-wrap elementor-element-populated\">\n\t\t\t\t\t\t\t\t<div class=\"elementor-element elementor-element-6ae40d41 banner_overlay elementor-widget elementor-widget-text-editor\" data-id=\"6ae40d41\" data-element_type=\"widget\" data-widget_type=\"text-editor.default\">\n\t\t\t\t<div class=\"elementor-widget-container\">\n\t\t\t<style>\/*! elementor - v3.17.0 - 08-11-2023 *\/\n.elementor-widget-text-editor.elementor-drop-cap-view-stacked .elementor-drop-cap{background-color:#69727d;color:#fff}.elementor-widget-text-editor.elementor-drop-cap-view-framed .elementor-drop-cap{color:#69727d;border:3px solid;background-color:transparent}.elementor-widget-text-editor:not(.elementor-drop-cap-view-default) .elementor-drop-cap{margin-top:8px}.elementor-widget-text-editor:not(.elementor-drop-cap-view-default) .elementor-drop-cap-letter{width:1em;height:1em}.elementor-widget-text-editor .elementor-drop-cap{float:left;text-align:center;line-height:1;font-size:50px}.elementor-widget-text-editor .elementor-drop-cap-letter{display:inline-block}<\/style>\t\t\t\t<h1>Am\u00e9nagement de jardin<\/h1>\t\t\t\t\t\t<\/div>\n\t\t\t\t<\/div>\n\t\t\t\t\t<\/div>\n\t\t<\/div>\n\t\t\t\t\t\t\t<\/div>\n\t\t<\/section>\n\t\t\t\t<section class=\"elementor-section elementor-top-section elementor-element elementor-element-46bf8cb8 elementor-section-content-middle rij2_home rij2 elementor-section-full_width elementor-section-height-default elementor-section-height-default\" data-id=\"46bf8cb8\" data-element_type=\"section\" data-settings=\"{&quot;background_background&quot;:&quot;classic&quot;}\">\n\t\t\t\t\t\t<div class=\"elementor-container elementor-column-gap-default\">\n\t\t\t\t\t<div class=\"elementor-column elementor-col-33 elementor-top-column elementor-element elementor-element-5ab71548\" data-id=\"5ab71548\" data-element_type=\"column\">\n\t\t\t<div class=\"elementor-widget-wrap elementor-element-populated\">\n\t\t\t\t\t\t\t\t<div class=\"elementor-element elementor-element-55ec2a2f elementor-widget elementor-widget-text-editor\" data-id=\"55ec2a2f\" data-element_type=\"widget\" data-widget_type=\"text-editor.default\">\n\t\t\t\t<div class=\"elementor-widget-container\">\n\t\t\t\t\t\t\t<h2>Construire votre jardin<\/h2>\nC&rsquo;est \u00e0 ce stade-ci qu&rsquo;intervient essentiellement une approche g\u00e9n\u00e9rale de votre jardin. En effet, la propre \u00e9quipe de Garden design ne se contente pas des plantations mais veille aussi aux am\u00e9nagements tels que des entr\u00e9es, les terrasses, des cl\u00f4tures, des \u00e9tangs et des pavillons de jardin.\t\t\t\t\t\t<\/div>\n\t\t\t\t<\/div>\n\t\t\t\t\t<\/div>\n\t\t<\/div>\n\t\t\t\t<div class=\"elementor-column elementor-col-33 elementor-top-column elementor-element elementor-element-1ff0801c\" data-id=\"1ff0801c\" data-element_type=\"column\">\n\t\t\t<div class=\"elementor-widget-wrap elementor-element-populated\">\n\t\t\t\t\t\t\t\t<div class=\"elementor-element elementor-element-43572a0e knop_bol elementor-widget elementor-widget-text-editor\" data-id=\"43572a0e\" data-element_type=\"widget\" data-widget_type=\"text-editor.default\">\n\t\t\t\t<div class=\"elementor-widget-container\">\n\t\t\t\t\t\t\t<a href=\"https:\/\/www.gardendesign-wemmel.be\/fr\/contact\/\">Je veux un nouveau jardin!<\/a>\t\t\t\t\t\t<\/div>\n\t\t\t\t<\/div>\n\t\t\t\t\t<\/div>\n\t\t<\/div>\n\t\t\t\t<div class=\"elementor-column elementor-col-33 elementor-top-column elementor-element elementor-element-63058801\" data-id=\"63058801\" data-element_type=\"column\">\n\t\t\t<div class=\"elementor-widget-wrap elementor-element-populated\">\n\t\t\t\t\t\t\t\t<div class=\"elementor-element elementor-element-36830d05 elementor-widget elementor-widget-image\" data-id=\"36830d05\" data-element_type=\"widget\" data-widget_type=\"image.default\">\n\t\t\t\t<div class=\"elementor-widget-container\">\n\t\t\t<style>\/*! elementor - v3.17.0 - 08-11-2023 *\/\n.elementor-widget-image{text-align:center}.elementor-widget-image a{display:inline-block}.elementor-widget-image a img[src$=\".svg\"]{width:48px}.elementor-widget-image img{vertical-align:middle;display:inline-block}<\/style>\t\t\t\t\t\t\t\t\t\t\t\t<img loading=\"lazy\" decoding=\"async\" width=\"683\" height=\"1024\" src=\"https:\/\/www.gardendesign-wemmel.be\/wp-content\/uploads\/2022\/12\/tuinaanleg-garden-design-wemmel-683x1024.webp\" class=\"attachment-large size-large wp-image-544\" alt=\"\" srcset=\"https:\/\/www.gardendesign-wemmel.be\/wp-content\/uploads\/2022\/12\/tuinaanleg-garden-design-wemmel-683x1024.webp 683w, https:\/\/www.gardendesign-wemmel.be\/wp-content\/uploads\/2022\/12\/tuinaanleg-garden-design-wemmel-200x300.webp 200w, https:\/\/www.gardendesign-wemmel.be\/wp-content\/uploads\/2022\/12\/tuinaanleg-garden-design-wemmel-768x1152.webp 768w, https:\/\/www.gardendesign-wemmel.be\/wp-content\/uploads\/2022\/12\/tuinaanleg-garden-design-wemmel.webp 900w\" sizes=\"(max-width: 683px) 100vw, 683px\" \/>\t\t\t\t\t\t\t\t\t\t\t\t\t\t\t<\/div>\n\t\t\t\t<\/div>\n\t\t\t\t\t<\/div>\n\t\t<\/div>\n\t\t\t\t\t\t\t<\/div>\n\t\t<\/section>\n\t\t\t\t\t\t\t<\/div>\n\t\t","protected":false},"excerpt":{"rendered":"<p>Am\u00e9nagement de jardin Construire votre jardin C&rsquo;est \u00e0 ce stade-ci qu&rsquo;intervient essentiellement une approche g\u00e9n\u00e9rale de votre jardin. En effet, la propre \u00e9quipe de Garden design ne se contente pas des plantations mais veille aussi aux am\u00e9nagements tels que des entr\u00e9es, les terrasses, des cl\u00f4tures, des \u00e9tangs et des pavillons de jardin.Je veux un nouveau [&hellip;]<\/p>\n","protected":false},"author":1,"featured_media":0,"parent":591,"menu_order":0,"comment_status":"closed","ping_status":"closed","template":"","meta":{"_eb_attr":"","footnotes":""},"yoast_head":"<!-- This site is optimized with the Yoast SEO plugin v21.5 - https:\/\/yoast.com\/wordpress\/plugins\/seo\/ -->\n<title>Am\u00e9nagement de jardin - Garden Design - Wemmel<\/title>\n<meta name=\"robots\" content=\"index, follow, max-snippet:-1, max-image-preview:large, max-video-preview:-1\" \/>\n<link rel=\"canonical\" href=\"https:\/\/www.gardendesign-wemmel.be\/fr\/services\/amenagement-de-jardin\/\" \/>\n<meta property=\"og:locale\" content=\"fr_FR\" \/>\n<meta property=\"og:type\" content=\"article\" \/>\n<meta property=\"og:title\" content=\"Am\u00e9nagement de jardin - Garden Design - Wemmel\" \/>\n<meta property=\"og:description\" content=\"Am\u00e9nagement de jardin Construire votre jardin C&rsquo;est \u00e0 ce stade-ci qu&rsquo;intervient essentiellement une approche g\u00e9n\u00e9rale de votre jardin. En effet, la propre \u00e9quipe de Garden design ne se contente pas des plantations mais veille aussi aux am\u00e9nagements tels que des entr\u00e9es, les terrasses, des cl\u00f4tures, des \u00e9tangs et des pavillons de jardin.Je veux un nouveau [&hellip;]\" \/>\n<meta property=\"og:url\" content=\"https:\/\/www.gardendesign-wemmel.be\/fr\/services\/amenagement-de-jardin\/\" \/>\n<meta property=\"og:site_name\" content=\"Garden Design - Wemmel\" \/>\n<meta property=\"article:modified_time\" content=\"2022-12-12T14:25:22+00:00\" \/>\n<meta property=\"og:image\" content=\"https:\/\/www.gardendesign-wemmel.be\/wp-content\/uploads\/2022\/12\/tuinaanleg-garden-design-wemmel-683x1024.webp\" \/>\n<meta name=\"twitter:card\" content=\"summary_large_image\" \/>\n<meta name=\"twitter:label1\" content=\"Dur\u00e9e de lecture estim\u00e9e\" \/>\n\t<meta name=\"twitter:data1\" content=\"1 minute\" \/>\n<script type=\"application\/ld+json\" class=\"yoast-schema-graph\">{\"@context\":\"https:\/\/schema.org\",\"@graph\":[{\"@type\":\"WebPage\",\"@id\":\"https:\/\/www.gardendesign-wemmel.be\/fr\/services\/amenagement-de-jardin\/\",\"url\":\"https:\/\/www.gardendesign-wemmel.be\/fr\/services\/amenagement-de-jardin\/\",\"name\":\"Am\u00e9nagement de jardin - Garden Design - Wemmel\",\"isPartOf\":{\"@id\":\"https:\/\/www.gardendesign-wemmel.be\/fr\/#website\"},\"datePublished\":\"2022-11-16T13:46:35+00:00\",\"dateModified\":\"2022-12-12T14:25:22+00:00\",\"breadcrumb\":{\"@id\":\"https:\/\/www.gardendesign-wemmel.be\/fr\/services\/amenagement-de-jardin\/#breadcrumb\"},\"inLanguage\":\"fr-FR\",\"potentialAction\":[{\"@type\":\"ReadAction\",\"target\":[\"https:\/\/www.gardendesign-wemmel.be\/fr\/services\/amenagement-de-jardin\/\"]}]},{\"@type\":\"BreadcrumbList\",\"@id\":\"https:\/\/www.gardendesign-wemmel.be\/fr\/services\/amenagement-de-jardin\/#breadcrumb\",\"itemListElement\":[{\"@type\":\"ListItem\",\"position\":1,\"name\":\"Home\",\"item\":\"https:\/\/www.gardendesign-wemmel.be\/fr\/\"},{\"@type\":\"ListItem\",\"position\":2,\"name\":\"Services\",\"item\":\"https:\/\/www.gardendesign-wemmel.be\/fr\/services\/\"},{\"@type\":\"ListItem\",\"position\":3,\"name\":\"Am\u00e9nagement de jardin\"}]},{\"@type\":\"WebSite\",\"@id\":\"https:\/\/www.gardendesign-wemmel.be\/fr\/#website\",\"url\":\"https:\/\/www.gardendesign-wemmel.be\/fr\/\",\"name\":\"Garden Design - Wemmel\",\"description\":\"\",\"potentialAction\":[{\"@type\":\"SearchAction\",\"target\":{\"@type\":\"EntryPoint\",\"urlTemplate\":\"https:\/\/www.gardendesign-wemmel.be\/fr\/?s={search_term_string}\"},\"query-input\":\"required name=search_term_string\"}],\"inLanguage\":\"fr-FR\"}]}<\/script>\n<!-- \/ Yoast SEO plugin. -->","yoast_head_json":{"title":"Am\u00e9nagement de jardin - Garden Design - Wemmel","robots":{"index":"index","follow":"follow","max-snippet":"max-snippet:-1","max-image-preview":"max-image-preview:large","max-video-preview":"max-video-preview:-1"},"canonical":"https:\/\/www.gardendesign-wemmel.be\/fr\/services\/amenagement-de-jardin\/","og_locale":"fr_FR","og_type":"article","og_title":"Am\u00e9nagement de jardin - Garden Design - Wemmel","og_description":"Am\u00e9nagement de jardin Construire votre jardin C&rsquo;est \u00e0 ce stade-ci qu&rsquo;intervient essentiellement une approche g\u00e9n\u00e9rale de votre jardin. En effet, la propre \u00e9quipe de Garden design ne se contente pas des plantations mais veille aussi aux am\u00e9nagements tels que des entr\u00e9es, les terrasses, des cl\u00f4tures, des \u00e9tangs et des pavillons de jardin.Je veux un nouveau [&hellip;]","og_url":"https:\/\/www.gardendesign-wemmel.be\/fr\/services\/amenagement-de-jardin\/","og_site_name":"Garden Design - Wemmel","article_modified_time":"2022-12-12T14:25:22+00:00","og_image":[{"url":"https:\/\/www.gardendesign-wemmel.be\/wp-content\/uploads\/2022\/12\/tuinaanleg-garden-design-wemmel-683x1024.webp"}],"twitter_card":"summary_large_image","twitter_misc":{"Dur\u00e9e de lecture estim\u00e9e":"1 minute"},"schema":{"@context":"https:\/\/schema.org","@graph":[{"@type":"WebPage","@id":"https:\/\/www.gardendesign-wemmel.be\/fr\/services\/amenagement-de-jardin\/","url":"https:\/\/www.gardendesign-wemmel.be\/fr\/services\/amenagement-de-jardin\/","name":"Am\u00e9nagement de jardin - Garden Design - Wemmel","isPartOf":{"@id":"https:\/\/www.gardendesign-wemmel.be\/fr\/#website"},"datePublished":"2022-11-16T13:46:35+00:00","dateModified":"2022-12-12T14:25:22+00:00","breadcrumb":{"@id":"https:\/\/www.gardendesign-wemmel.be\/fr\/services\/amenagement-de-jardin\/#breadcrumb"},"inLanguage":"fr-FR","potentialAction":[{"@type":"ReadAction","target":["https:\/\/www.gardendesign-wemmel.be\/fr\/services\/amenagement-de-jardin\/"]}]},{"@type":"BreadcrumbList","@id":"https:\/\/www.gardendesign-wemmel.be\/fr\/services\/amenagement-de-jardin\/#breadcrumb","itemListElement":[{"@type":"ListItem","position":1,"name":"Home","item":"https:\/\/www.gardendesign-wemmel.be\/fr\/"},{"@type":"ListItem","position":2,"name":"Services","item":"https:\/\/www.gardendesign-wemmel.be\/fr\/services\/"},{"@type":"ListItem","position":3,"name":"Am\u00e9nagement de jardin"}]},{"@type":"WebSite","@id":"https:\/\/www.gardendesign-wemmel.be\/fr\/#website","url":"https:\/\/www.gardendesign-wemmel.be\/fr\/","name":"Garden Design - Wemmel","description":"","potentialAction":[{"@type":"SearchAction","target":{"@type":"EntryPoint","urlTemplate":"https:\/\/www.gardendesign-wemmel.be\/fr\/?s={search_term_string}"},"query-input":"required name=search_term_string"}],"inLanguage":"fr-FR"}]}},"_links":{"self":[{"href":"https:\/\/www.gardendesign-wemmel.be\/fr\/wp-json\/wp\/v2\/pages\/594"}],"collection":[{"href":"https:\/\/www.gardendesign-wemmel.be\/fr\/wp-json\/wp\/v2\/pages"}],"about":[{"href":"https:\/\/www.gardendesign-wemmel.be\/fr\/wp-json\/wp\/v2\/types\/page"}],"author":[{"embeddable":true,"href":"https:\/\/www.gardendesign-wemmel.be\/fr\/wp-json\/wp\/v2\/users\/1"}],"replies":[{"embeddable":true,"href":"https:\/\/www.gardendesign-wemmel.be\/fr\/wp-json\/wp\/v2\/comments?post=594"}],"version-history":[{"count":4,"href":"https:\/\/www.gardendesign-wemmel.be\/fr\/wp-json\/wp\/v2\/pages\/594\/revisions"}],"predecessor-version":[{"id":620,"href":"https:\/\/www.gardendesign-wemmel.be\/fr\/wp-json\/wp\/v2\/pages\/594\/revisions\/620"}],"up":[{"embeddable":true,"href":"https:\/\/www.gardendesign-wemmel.be\/fr\/wp-json\/wp\/v2\/pages\/591"}],"wp:attachment":[{"href":"https:\/\/www.gardendesign-wemmel.be\/fr\/wp-json\/wp\/v2\/media?parent=594"}],"curies":[{"name":"wp","href":"https:\/\/api.w.org\/{rel}","templated":true}]}}

Aménagement de jardin

<div data-elementor-type="wp-page" data-elementor-id="594" class="elementor elementor-594 elementor-99">
									<section class="elementor-section elementor-top-section elementor-element elementor-element-3125f6bf elementor-section-full_width banner bannerpage elementor-section-height-default elementor-section-height-default" data-id="3125f6bf" data-element_type="section" data-settings="{&quot;background_background&quot;:&quot;classic&quot;}">
						<div class="elementor-container elementor-column-gap-default">
					<div class="elementor-column elementor-col-100 elementor-top-column elementor-element elementor-element-619f1166" data-id="619f1166" data-element_type="column">
			<div class="elementor-widget-wrap elementor-element-populated">
								<div class="elementor-element elementor-element-6ae40d41 banner_overlay elementor-widget elementor-widget-text-editor" data-id="6ae40d41" data-element_type="widget" data-widget_type="text-editor.default">
				<div class="elementor-widget-container">
			<style>/*! elementor - v3.17.0 - 08-11-2023 */
.elementor-widget-text-editor.elementor-drop-cap-view-stacked .elementor-drop-cap{background-color:#69727d;color:#fff}.elementor-widget-text-editor.elementor-drop-cap-view-framed .elementor-drop-cap{color:#69727d;border:3px solid;background-color:transparent}.elementor-widget-text-editor:not(.elementor-drop-cap-view-default) .elementor-drop-cap{margin-top:8px}.elementor-widget-text-editor:not(.elementor-drop-cap-view-default) .elementor-drop-cap-letter{width:1em;height:1em}.elementor-widget-text-editor .elementor-drop-cap{float:left;text-align:center;line-height:1;font-size:50px}.elementor-widget-text-editor .elementor-drop-cap-letter{display:inline-block}</style>				<h1>Aménagement de jardin</h1>						</div>
				</div>
					</div>
		</div>
							</div>
		</section>
				<section class="elementor-section elementor-top-section elementor-element elementor-element-46bf8cb8 elementor-section-content-middle rij2_home rij2 elementor-section-full_width elementor-section-height-default elementor-section-height-default" data-id="46bf8cb8" data-element_type="section" data-settings="{&quot;background_background&quot;:&quot;classic&quot;}">
						<div class="elementor-container elementor-column-gap-default">
					<div class="elementor-column elementor-col-33 elementor-top-column elementor-element elementor-element-5ab71548" data-id="5ab71548" data-element_type="column">
			<div class="elementor-widget-wrap elementor-element-populated">
								<div class="elementor-element elementor-element-55ec2a2f elementor-widget elementor-widget-text-editor" data-id="55ec2a2f" data-element_type="widget" data-widget_type="text-editor.default">
				<div class="elementor-widget-container">
							<h2>Construire votre jardin</h2>
C&rsquo;est à ce stade-ci qu&rsquo;intervient essentiellement une approche générale de votre jardin. En effet, la propre équipe de Garden design ne se contente pas des plantations mais veille aussi aux aménagements tels que des entrées, les terrasses, des clôtures, des étangs et des pavillons de jardin.						</div>
				</div>
					</div>
		</div>
				<div class="elementor-column elementor-col-33 elementor-top-column elementor-element elementor-element-1ff0801c" data-id="1ff0801c" data-element_type="column">
			<div class="elementor-widget-wrap elementor-element-populated">
								<div class="elementor-element elementor-element-43572a0e knop_bol elementor-widget elementor-widget-text-editor" data-id="43572a0e" data-element_type="widget" data-widget_type="text-editor.default">
				<div class="elementor-widget-container">
							<a href="https://www.gardendesign-wemmel.be/fr/contact/">Je veux un nouveau jardin!</a>						</div>
				</div>
					</div>
		</div>
				<div class="elementor-column elementor-col-33 elementor-top-column elementor-element elementor-element-63058801" data-id="63058801" data-element_type="column">
			<div class="elementor-widget-wrap elementor-element-populated">
								<div class="elementor-element elementor-element-36830d05 elementor-widget elementor-widget-image" data-id="36830d05" data-element_type="widget" data-widget_type="image.default">
				<div class="elementor-widget-container">
			<style>/*! elementor - v3.17.0 - 08-11-2023 */
.elementor-widget-image{text-align:center}.elementor-widget-image a{display:inline-block}.elementor-widget-image a img[src$=".svg"]{width:48px}.elementor-widget-image img{vertical-align:middle;display:inline-block}</style>												<img loading="lazy" decoding="async" width="683" height="1024" src="https://www.gardendesign-wemmel.be/wp-content/uploads/2022/12/tuinaanleg-garden-design-wemmel-683x1024.webp" class="attachment-large size-large wp-image-544" alt="" srcset="https://www.gardendesign-wemmel.be/wp-content/uploads/2022/12/tuinaanleg-garden-design-wemmel-683x1024.webp 683w, https://www.gardendesign-wemmel.be/wp-content/uploads/2022/12/tuinaanleg-garden-design-wemmel-200x300.webp 200w, https://www.gardendesign-wemmel.be/wp-content/uploads/2022/12/tuinaanleg-garden-design-wemmel-768x1152.webp 768w, https://www.gardendesign-wemmel.be/wp-content/uploads/2022/12/tuinaanleg-garden-design-wemmel.webp 900w" sizes="(max-width: 683px) 100vw, 683px" />															</div>
				</div>
					</div>
		</div>
							</div>
		</section>
							</div>

<p>Aménagement de jardin Construire votre jardin C&rsquo;est à ce stade-ci qu&rsquo;intervient essentiellement une approche générale de votre jardin. En effet, la propre équipe de Garden design ne se contente pas des plantations mais veille aussi aux aménagements tels que des entrées, les terrasses, des clôtures, des étangs et des pavillons de jardin.Je veux un nouveau [&hellip;]</p>

<!-- This site is optimized with the Yoast SEO plugin v21.5 - https://yoast.com/wordpress/plugins/seo/ -->
<title>Aménagement de jardin - Garden Design - Wemmel</title>
<meta name="robots" content="index, follow, max-snippet:-1, max-image-preview:large, max-video-preview:-1" />
<link rel="canonical" href="https://www.gardendesign-wemmel.be/fr/services/amenagement-de-jardin/" />
<meta property="og:locale" content="fr_FR" />
<meta property="og:type" content="article" />
<meta property="og:title" content="Aménagement de jardin - Garden Design - Wemmel" />
<meta property="og:description" content="Aménagement de jardin Construire votre jardin C&rsquo;est à ce stade-ci qu&rsquo;intervient essentiellement une approche générale de votre jardin. En effet, la propre équipe de Garden design ne se contente pas des plantations mais veille aussi aux aménagements tels que des entrées, les terrasses, des clôtures, des étangs et des pavillons de jardin.Je veux un nouveau [&hellip;]" />
<meta property="og:url" content="https://www.gardendesign-wemmel.be/fr/services/amenagement-de-jardin/" />
<meta property="og:site_name" content="Garden Design - Wemmel" />
<meta property="article:modified_time" content="2022-12-12T14:25:22+00:00" />
<meta property="og:image" content="https://www.gardendesign-wemmel.be/wp-content/uploads/2022/12/tuinaanleg-garden-design-wemmel-683x1024.webp" />
<meta name="twitter:card" content="summary_large_image" />
<meta name="twitter:label1" content="Durée de lecture estimée" />
	<meta name="twitter:data1" content="1 minute" />
<script type="application/ld+json" class="yoast-schema-graph">{"@context":"https://schema.org","@graph":[{"@type":"WebPage","@id":"https://www.gardendesign-wemmel.be/fr/services/amenagement-de-jardin/","url":"https://www.gardendesign-wemmel.be/fr/services/amenagement-de-jardin/","name":"Aménagement de jardin - Garden Design - Wemmel","isPartOf":{"@id":"https://www.gardendesign-wemmel.be/fr/#website"},"datePublished":"2022-11-16T13:46:35+00:00","dateModified":"2022-12-12T14:25:22+00:00","breadcrumb":{"@id":"https://www.gardendesign-wemmel.be/fr/services/amenagement-de-jardin/#breadcrumb"},"inLanguage":"fr-FR","potentialAction":[{"@type":"ReadAction","target":["https://www.gardendesign-wemmel.be/fr/services/amenagement-de-jardin/"]}]},{"@type":"BreadcrumbList","@id":"https://www.gardendesign-wemmel.be/fr/services/amenagement-de-jardin/#breadcrumb","itemListElement":[{"@type":"ListItem","position":1,"name":"Home","item":"https://www.gardendesign-wemmel.be/fr/"},{"@type":"ListItem","position":2,"name":"Services","item":"https://www.gardendesign-wemmel.be/fr/services/"},{"@type":"ListItem","position":3,"name":"Aménagement de jardin"}]},{"@type":"WebSite","@id":"https://www.gardendesign-wemmel.be/fr/#website","url":"https://www.gardendesign-wemmel.be/fr/","name":"Garden Design - Wemmel","description":"","potentialAction":[{"@type":"SearchAction","target":{"@type":"EntryPoint","urlTemplate":"https://www.gardendesign-wemmel.be/fr/?s={search_term_string}"},"query-input":"required name=search_term_string"}],"inLanguage":"fr-FR"}]}</script>
<!-- / Yoast SEO plugin. -->

Aménagement de jardin - Garden Design - Wemmel

Aménagement de jardin Construire votre jardin C&rsquo;est à ce stade-ci qu&rsquo;intervient essentiellement une approche générale de votre jardin. En effet, la propre équipe de Garden design ne se contente pas des plantations mais veille aussi aux aménagements tels que des entrées, les terrasses, des clôtures, des étangs et des pavillons de jardin.Je veux un nouveau [&hellip;]
